{"id":190,"date":"2024-08-08T14:01:20","date_gmt":"2024-08-08T12:01:20","guid":{"rendered":"https:\/\/parquetoledo.es\/aperturaescuela\/?page_id=190"},"modified":"2024-09-07T10:36:42","modified_gmt":"2024-09-07T08:36:42","slug":"informacion-para-los-postulantes-a-escuela","status":"publish","type":"page","link":"https:\/\/parquetoledo.es\/aperturaescuela\/informacion-para-los-postulantes-a-escuela\/","title":{"rendered":"Informaci\u00f3n para los postulantes a Escuela\u00a0"},"content":{"rendered":"\n<div style=\"height:59px\" aria-hidden=\"true\" class=\"wp-block-spacer\"><\/div>\n\n\n\n<h3 class=\"wp-block-heading\"><strong>Visi\u00f3n de la Escuela<\/strong>&nbsp;<\/h3>\n\n\n\n<p class=\"wp-block-paragraph\">Desde antiguo existieron procedimientos capaces de llevar a las personas hacia estados de conciencia excepcionales en los que se yuxtapon\u00eda la mayor amplitud e inspiraci\u00f3n mental con el entorpecimiento de las facultades habituales. Aquellos estados alterados presentaron similitudes con el sue\u00f1o, la embriaguez, algunas intoxicaciones y la demencia. Frecuentemente, la producci\u00f3n de tales anomal\u00edas fue asociada con \u201centidades\u201d personales o animales, o bien con \u201cfuerzas\u201d naturales que se manifestaban, precisamente, en esos paisajes mentales especiales. A medida que se comenz\u00f3 a comprender la importancia de aquellos fen\u00f3menos se fueron depurando explicaciones y t\u00e9cnicas con la intenci\u00f3n de dar direcci\u00f3n a procesos que, en principio, estaban fuera de control. Ya en \u00e9pocas hist\u00f3ricas, en las distintas culturas (y con frecuencia a la sombra de las religiones), se desarrollaron escuelas m\u00edsticas que fueron ensayando sus v\u00edas de acceso hacia lo Profundo. Todav\u00eda hoy en la cultura material, en los mitos, leyendas y producciones literarias, se pueden apreciar fragmentos de concepciones y pr\u00e1cticas grupales e individuales muy avanzadas para las \u00e9pocas en que estas gentes vivieron.<\/p>\n\n\n\n<p class=\"wp-block-paragraph\">Silo desarroll\u00f3 algunos de estos procedimientos y se propuso que, por primera vez en la historia, esta ense\u00f1anza no quedara en c\u00edrculos reducidos, sino que fuera accesible a cualquier persona.&nbsp;<\/p>\n\n\n\n<p class=\"wp-block-paragraph\">Desde la Escuela aplicada en Parque Toledo consideramos que hemos recibido un regalo que no nos pertenece, sino que es para toda la humanidad y coincidimos en la necesidad de compartir estos trabajos de Escuela con quienes busquen el camino a lo Profundo, para transformarse y transformar el mundo que nos rodea.<\/p>\n\n\n\n<p class=\"wp-block-paragraph\">Quisi\u00e9ramos en este punto, compartir un extracto de contextos y recomendaciones que Silo hizo circular en un mensaje de v\u00eddeo en 2010 titulado \u00ab<em>En qu\u00e9 estamos<\/em>\u00bb &#8211;&gt; &nbsp;<a href=\"https:\/\/drive.google.com\/file\/d\/1cty-32c-Zb5uuCsBjtlteCXedq8ONClc\/view?usp=sharing\" data-type=\"link\" data-id=\"https:\/\/drive.google.com\/file\/d\/1cty-32c-Zb5uuCsBjtlteCXedq8ONClc\/view?usp=sharing\" target=\"_blank\" rel=\"noreferrer noopener\">Enlace V\u00eddeo<\/a>. Si prefieres leer la transcripci\u00f3n del v\u00eddeo, la encontrar\u00e1s aqu\u00ed: &#8211;&gt; <a href=\"https:\/\/parquetoledo.es\/aperturaescuela\/wp-content\/uploads\/2024\/08\/En-que-estamos.pdf\" data-type=\"link\" data-id=\"https:\/\/parquetoledo.es\/aperturaescuela\/wp-content\/uploads\/2024\/08\/En-que-estamos.pdf\" target=\"_blank\" rel=\"noreferrer noopener\">Transcripci\u00f3n v\u00eddeo<\/a> (PDF)<\/p>\n\n\n\n<p class=\"wp-block-paragraph\" style=\"padding-right:50px;padding-left:50px\"><em>Hemos ido aprendiendo a trabajar en simult\u00e1neo y no a lo computacional (un paso despu\u00e9s de otro, y as\u00ed siguiendo). Trabajamos simult\u00e1neamente y en distintos campos. Es como cambiar la rueda del tren en movimiento. Se requiere un peque\u00f1o esfuerzo relacional y nos pone en una situaci\u00f3n mental, y una situaci\u00f3n de hecho, bastante diferentes. Nos lleva a relacionar nuevas cosas de modo creciente.<\/em>&nbsp;<\/p>\n\n\n\n<p class=\"wp-block-paragraph\" style=\"margin-right:0;margin-left:0;padding-right:50px;padding-left:50px\"><em>El trabajo de Escuela en general es un trabajo de tipo relacional, muy distinto mentalmente a los modos cotidianos del sistema.<\/em>&nbsp;<em>Desde peque\u00f1os grupos de personas llegaremos a grandes n\u00fameros y esto lo haremos sin apoyo de gobiernos, instituciones y banca.<\/em>&nbsp;<\/p>\n\n\n\n<p class=\"wp-block-paragraph\" style=\"padding-right:50px;padding-left:50px\"><em>No vamos a plantear las cosas en t\u00e9rminos personales, individuales. Debemos crear conciencia en los conjuntos para que los conjuntos mejoren a los individuos. Mejorar a los individuos no basta porque cuanto m\u00e1s se robustece esa personalidad, menos posible es hacer eso que trasciende al yo. Es exactamente lo contrario.<\/em>&nbsp;<\/p>\n\n\n\n<p class=\"wp-block-paragraph\" style=\"padding-right:50px;padding-left:50px\"><em>Si ponemos a una persona en un conjunto, ella se va a preocupar de s\u00ed misma, sobre todo, no importa lo que diga. Est\u00e1 muy bien que as\u00ed sea, pero es esencial que lo que uno hace mejore al conjunto. Esto permite al conjunto trabajar de modo coherente y no queda en manos de individuos superfortalecidos.<\/em>&nbsp;<em>Si fortaleci\u00e9ramos a los individuos, inmediatamente se crear\u00eda un sistema organizativo de estamentos. Esto, en esta \u00e9poca, es lo menos conveniente que pudiera suceder.<\/em>&nbsp;<\/p>\n\n\n\n<p class=\"wp-block-paragraph\" style=\"padding-right:50px;padding-left:50px\"><em>Vamos a poner en marcha la mayor diversidad posible entre nosotros mismos. Nuestra preocupaci\u00f3n ser\u00e1 poner en marcha la mayor cantidad posible de gente que ense\u00f1e a otra gente. Para ello necesitaremos todos los maestros que podamos formar.<\/em>&nbsp;<\/p>\n\n\n\n<p class=\"wp-block-paragraph\" style=\"padding-right:50px;padding-left:50px\"><em>Mientras tanto, en lo referente a las actividades de la Escuela, es importante que los maestros sigan haciendo trabajos de investigaci\u00f3n y producci\u00f3n de materiales. Estos trabajos ser\u00e1n bibliogr\u00e1ficos o investigaciones de campo, o relatos de experiencia. La Escuela tiene por centro la producci\u00f3n de otros estados de conciencia y el estudio de estas tem\u00e1ticas en distintos momentos y culturas es esencial para su desarrollo. Se trata de informaci\u00f3n m\u00e1s inspiraci\u00f3n. Estas actividades se hacen en los Parques de Estudio y Reflexi\u00f3n.&nbsp;<\/em>&nbsp;<\/p>\n\n\n\n<p class=\"wp-block-paragraph\" style=\"padding-right:50px;padding-left:50px\"><em>Estos Parques marchan porque la gente se compromete con su mantenimiento, impulso y apertura de nuevos Parques. Este es un trabajo muy intenso. Es un trabajo de Escuela. Y tambi\u00e9n lo es la cualificaci\u00f3n de la gente de Escuela a trav\u00e9s de la producci\u00f3n de materiales. Del mismo modo que el cuidado de los nuevos miembros que ingresen a Escuela es tema de Escuela.&nbsp;<\/em>&nbsp;<\/p>\n\n\n\n<p class=\"wp-block-paragraph\" style=\"padding-right:50px;padding-left:50px\"><em>Los trabajos de nivelaci\u00f3n nos habilitan y nos llevan en direcci\u00f3n a las Disciplinas. Las Disciplinas son complejas, mueven mecanismos mentales complejos, se supone que alteran, ojal\u00e1 favorablemente, la visi\u00f3n de la gente, del mundo y de uno mismo. Implican llevar la conciencia hacia cosas progresivas. No es informaci\u00f3n lo que buscamos aqu\u00ed sino conectar con niveles cada vez m\u00e1s positivos de conciencia. Y todo esto es, reconozc\u00e1moslo, una audacia del pensamiento.<\/em>&nbsp;<\/p>\n\n\n\n<p class=\"wp-block-paragraph\" style=\"padding-right:50px;padding-left:50px\"><em>\u00bfHacia d\u00f3nde va todo esto? Lo decimos en dos palabras: va hacia la Escuela como debe ser, aut\u00f3noma, separada de las condiciones de las que proviene. Y muy original en su creatividad. Es la direcci\u00f3n mental de la Escuela la que nos interesa.<\/em>&nbsp;<\/p>\n\n\n\n<div style=\"height:61px\" aria-hidden=\"true\" class=\"wp-block-spacer\"><\/div>\n\n\n\n<h3 class=\"wp-block-heading\"><strong>El per\u00edodo de nivelaci\u00f3n<\/strong><\/h3>\n\n\n\n<p class=\"wp-block-paragraph\">El inter\u00e9s de estos trabajos de nivelaci\u00f3n apunta a lograr uniformidad b\u00e1sica de comprensi\u00f3n y lenguaje mediante un conjunto de estudios y pr\u00e1cticas que van desde t\u00e9cnicas de relajaci\u00f3n\/distensi\u00f3n y autoconocimiento continuando con estudios de psicolog\u00eda y trabajos con la producci\u00f3n, transformaci\u00f3n y direcci\u00f3n de las im\u00e1genes (experiencias guiadas y operativa).&nbsp;<\/p>\n\n\n\n<p class=\"wp-block-paragraph\">Estamos hablando de trabajos preparatorios de Escuela. Este per\u00edodo de nivelaci\u00f3n no significa ning\u00fan compromiso. Los que se nivelan no toman ning\u00fan compromiso y la Escuela tampoco.&nbsp;<\/p>\n\n\n\n<div style=\"height:60px\" aria-hidden=\"true\" class=\"wp-block-spacer\"><\/div>\n\n\n\n<h3 class=\"wp-block-heading\"><strong>La forma de trabajo<\/strong>&nbsp;<\/h3>\n\n\n\n<p class=\"wp-block-paragraph\">El proceso de nivelaci\u00f3n y disciplinas tiene una duraci\u00f3n de 1 a\u00f1o. La asistencia presencial a las seis reuniones de presentaci\u00f3n de los trabajos a realizar (aproximadamente cada dos meses) es requisito para poder continuar el proceso. Una vez expuestos los temas y entregados los materiales a trabajar no habr\u00e1 seguimiento individual, recomend\u00e1ndose el trabajo e intercambio con otros, en grupos reducidos, en el Parque en lo posible o donde se considere apropiado. Estas actividades se realizan sin instructores.&nbsp;<\/p>\n","protected":false},"excerpt":{"rendered":"<p>Visi\u00f3n de la Escuela&nbsp; Desde antiguo existieron procedimientos capaces de llevar a las personas hacia estados de conciencia excepcionales en [&hellip;]<\/p>\n","protected":false},"author":6,"featured_media":0,"parent":0,"menu_order":0,"comment_status":"closed","ping_status":"closed","template":"","meta":{"site-sidebar-layout":"default","site-content-layout":"","ast-site-content-layout":"default","site-content-style":"default","site-sidebar-style":"default","ast-global-header-display":"","ast-banner-title-visibility":"","ast-main-header-display":"","ast-hfb-above-header-display":"","ast-hfb-below-header-display":"","ast-hfb-mobile-header-display":"","site-post-title":"","ast-breadcrumbs-content":"","ast-featured-img":"","footer-sml-layout":"","ast-disable-related-posts":"","theme-transparent-header-meta":"","adv-header-id-meta":"","stick-header-meta":"","header-above-stick-meta":"","header-main-stick-meta":"","header-below-stick-meta":"","astra-migrate-meta-layouts":"default","ast-page-background-enabled":"default","ast-page-background-meta":{"desktop":{"background-color":"var(--ast-global-color-4)","background-image":"","background-repeat":"repeat","background-position":"center center","background-size":"auto","background-attachment":"scroll","background-type":"","background-media":"","overlay-type":"","overlay-color":"","overlay-opacity":"","overlay-gradient":""},"tablet":{"background-color":"","background-image":"","background-repeat":"repeat","background-position":"center center","background-size":"auto","background-attachment":"scroll","background-type":"","background-media":"","overlay-type":"","overlay-color":"","overlay-opacity":"","overlay-gradient":""},"mobile":{"background-color":"","background-image":"","background-repeat":"repeat","background-position":"center center","background-size":"auto","background-attachment":"scroll","background-type":"","background-media":"","overlay-type":"","overlay-color":"","overlay-opacity":"","overlay-gradient":""}},"ast-content-background-meta":{"desktop":{"background-color":"var(--ast-global-color-5)","background-image":"","background-repeat":"repeat","background-position":"center center","background-size":"auto","background-attachment":"scroll","background-type":"","background-media":"","overlay-type":"","overlay-color":"","overlay-opacity":"","overlay-gradient":""},"tablet":{"background-color":"var(--ast-global-color-5)","background-image":"","background-repeat":"repeat","background-position":"center center","background-size":"auto","background-attachment":"scroll","background-type":"","background-media":"","overlay-type":"","overlay-color":"","overlay-opacity":"","overlay-gradient":""},"mobile":{"background-color":"var(--ast-global-color-5)","background-image":"","background-repeat":"repeat","background-position":"center center","background-size":"auto","background-attachment":"scroll","background-type":"","background-media":"","overlay-type":"","overlay-color":"","overlay-opacity":"","overlay-gradient":""}},"footnotes":""},"class_list":["post-190","page","type-page","status-publish","hentry"],"_links":{"self":[{"href":"https:\/\/parquetoledo.es\/aperturaescuela\/wp-json\/wp\/v2\/pages\/190","targetHints":{"allow":["GET"]}}],"collection":[{"href":"https:\/\/parquetoledo.es\/aperturaescuela\/wp-json\/wp\/v2\/pages"}],"about":[{"href":"https:\/\/parquetoledo.es\/aperturaescuela\/wp-json\/wp\/v2\/types\/page"}],"author":[{"embeddable":true,"href":"https:\/\/parquetoledo.es\/aperturaescuela\/wp-json\/wp\/v2\/users\/6"}],"replies":[{"embeddable":true,"href":"https:\/\/parquetoledo.es\/aperturaescuela\/wp-json\/wp\/v2\/comments?post=190"}],"version-history":[{"count":14,"href":"https:\/\/parquetoledo.es\/aperturaescuela\/wp-json\/wp\/v2\/pages\/190\/revisions"}],"predecessor-version":[{"id":423,"href":"https:\/\/parquetoledo.es\/aperturaescuela\/wp-json\/wp\/v2\/pages\/190\/revisions\/423"}],"wp:attachment":[{"href":"https:\/\/parquetoledo.es\/aperturaescuela\/wp-json\/wp\/v2\/media?parent=190"}],"curies":[{"name":"wp","href":"https:\/\/api.w.org\/{rel}","templated":true}]}}

Información para los postulantes a Escuela

<div style="height:59px" aria-hidden="true" class="wp-block-spacer"></div>



<h3 class="wp-block-heading"><strong>Visión de la Escuela</strong>&nbsp;</h3>



<p class="wp-block-paragraph">Desde antiguo existieron procedimientos capaces de llevar a las personas hacia estados de conciencia excepcionales en los que se yuxtaponía la mayor amplitud e inspiración mental con el entorpecimiento de las facultades habituales. Aquellos estados alterados presentaron similitudes con el sueño, la embriaguez, algunas intoxicaciones y la demencia. Frecuentemente, la producción de tales anomalías fue asociada con “entidades” personales o animales, o bien con “fuerzas” naturales que se manifestaban, precisamente, en esos paisajes mentales especiales. A medida que se comenzó a comprender la importancia de aquellos fenómenos se fueron depurando explicaciones y técnicas con la intención de dar dirección a procesos que, en principio, estaban fuera de control. Ya en épocas históricas, en las distintas culturas (y con frecuencia a la sombra de las religiones), se desarrollaron escuelas místicas que fueron ensayando sus vías de acceso hacia lo Profundo. Todavía hoy en la cultura material, en los mitos, leyendas y producciones literarias, se pueden apreciar fragmentos de concepciones y prácticas grupales e individuales muy avanzadas para las épocas en que estas gentes vivieron.</p>



<p class="wp-block-paragraph">Silo desarrolló algunos de estos procedimientos y se propuso que, por primera vez en la historia, esta enseñanza no quedara en círculos reducidos, sino que fuera accesible a cualquier persona.&nbsp;</p>



<p class="wp-block-paragraph">Desde la Escuela aplicada en Parque Toledo consideramos que hemos recibido un regalo que no nos pertenece, sino que es para toda la humanidad y coincidimos en la necesidad de compartir estos trabajos de Escuela con quienes busquen el camino a lo Profundo, para transformarse y transformar el mundo que nos rodea.</p>



<p class="wp-block-paragraph">Quisiéramos en este punto, compartir un extracto de contextos y recomendaciones que Silo hizo circular en un mensaje de vídeo en 2010 titulado «<em>En qué estamos</em>» &#8211;&gt; &nbsp;<a href="https://drive.google.com/file/d/1cty-32c-Zb5uuCsBjtlteCXedq8ONClc/view?usp=sharing" data-type="link" data-id="https://drive.google.com/file/d/1cty-32c-Zb5uuCsBjtlteCXedq8ONClc/view?usp=sharing" target="_blank" rel="noreferrer noopener">Enlace Vídeo</a>. Si prefieres leer la transcripción del vídeo, la encontrarás aquí: &#8211;&gt; <a href="https://parquetoledo.es/aperturaescuela/wp-content/uploads/2024/08/En-que-estamos.pdf" data-type="link" data-id="https://parquetoledo.es/aperturaescuela/wp-content/uploads/2024/08/En-que-estamos.pdf" target="_blank" rel="noreferrer noopener">Transcripción vídeo</a> (PDF)</p>



<p class="wp-block-paragraph" style="padding-right:50px;padding-left:50px"><em>Hemos ido aprendiendo a trabajar en simultáneo y no a lo computacional (un paso después de otro, y así siguiendo). Trabajamos simultáneamente y en distintos campos. Es como cambiar la rueda del tren en movimiento. Se requiere un pequeño esfuerzo relacional y nos pone en una situación mental, y una situación de hecho, bastante diferentes. Nos lleva a relacionar nuevas cosas de modo creciente.</em>&nbsp;</p>



<p class="wp-block-paragraph" style="margin-right:0;margin-left:0;padding-right:50px;padding-left:50px"><em>El trabajo de Escuela en general es un trabajo de tipo relacional, muy distinto mentalmente a los modos cotidianos del sistema.</em>&nbsp;<em>Desde pequeños grupos de personas llegaremos a grandes números y esto lo haremos sin apoyo de gobiernos, instituciones y banca.</em>&nbsp;</p>



<p class="wp-block-paragraph" style="padding-right:50px;padding-left:50px"><em>No vamos a plantear las cosas en términos personales, individuales. Debemos crear conciencia en los conjuntos para que los conjuntos mejoren a los individuos. Mejorar a los individuos no basta porque cuanto más se robustece esa personalidad, menos posible es hacer eso que trasciende al yo. Es exactamente lo contrario.</em>&nbsp;</p>



<p class="wp-block-paragraph" style="padding-right:50px;padding-left:50px"><em>Si ponemos a una persona en un conjunto, ella se va a preocupar de sí misma, sobre todo, no importa lo que diga. Está muy bien que así sea, pero es esencial que lo que uno hace mejore al conjunto. Esto permite al conjunto trabajar de modo coherente y no queda en manos de individuos superfortalecidos.</em>&nbsp;<em>Si fortaleciéramos a los individuos, inmediatamente se crearía un sistema organizativo de estamentos. Esto, en esta época, es lo menos conveniente que pudiera suceder.</em>&nbsp;</p>



<p class="wp-block-paragraph" style="padding-right:50px;padding-left:50px"><em>Vamos a poner en marcha la mayor diversidad posible entre nosotros mismos. Nuestra preocupación será poner en marcha la mayor cantidad posible de gente que enseñe a otra gente. Para ello necesitaremos todos los maestros que podamos formar.</em>&nbsp;</p>



<p class="wp-block-paragraph" style="padding-right:50px;padding-left:50px"><em>Mientras tanto, en lo referente a las actividades de la Escuela, es importante que los maestros sigan haciendo trabajos de investigación y producción de materiales. Estos trabajos serán bibliográficos o investigaciones de campo, o relatos de experiencia. La Escuela tiene por centro la producción de otros estados de conciencia y el estudio de estas temáticas en distintos momentos y culturas es esencial para su desarrollo. Se trata de información más inspiración. Estas actividades se hacen en los Parques de Estudio y Reflexión.&nbsp;</em>&nbsp;</p>



<p class="wp-block-paragraph" style="padding-right:50px;padding-left:50px"><em>Estos Parques marchan porque la gente se compromete con su mantenimiento, impulso y apertura de nuevos Parques. Este es un trabajo muy intenso. Es un trabajo de Escuela. Y también lo es la cualificación de la gente de Escuela a través de la producción de materiales. Del mismo modo que el cuidado de los nuevos miembros que ingresen a Escuela es tema de Escuela.&nbsp;</em>&nbsp;</p>



<p class="wp-block-paragraph" style="padding-right:50px;padding-left:50px"><em>Los trabajos de nivelación nos habilitan y nos llevan en dirección a las Disciplinas. Las Disciplinas son complejas, mueven mecanismos mentales complejos, se supone que alteran, ojalá favorablemente, la visión de la gente, del mundo y de uno mismo. Implican llevar la conciencia hacia cosas progresivas. No es información lo que buscamos aquí sino conectar con niveles cada vez más positivos de conciencia. Y todo esto es, reconozcámoslo, una audacia del pensamiento.</em>&nbsp;</p>



<p class="wp-block-paragraph" style="padding-right:50px;padding-left:50px"><em>¿Hacia dónde va todo esto? Lo decimos en dos palabras: va hacia la Escuela como debe ser, autónoma, separada de las condiciones de las que proviene. Y muy original en su creatividad. Es la dirección mental de la Escuela la que nos interesa.</em>&nbsp;</p>



<div style="height:61px" aria-hidden="true" class="wp-block-spacer"></div>



<h3 class="wp-block-heading"><strong>El período de nivelación</strong></h3>



<p class="wp-block-paragraph">El interés de estos trabajos de nivelación apunta a lograr uniformidad básica de comprensión y lenguaje mediante un conjunto de estudios y prácticas que van desde técnicas de relajación/distensión y autoconocimiento continuando con estudios de psicología y trabajos con la producción, transformación y dirección de las imágenes (experiencias guiadas y operativa).&nbsp;</p>



<p class="wp-block-paragraph">Estamos hablando de trabajos preparatorios de Escuela. Este período de nivelación no significa ningún compromiso. Los que se nivelan no toman ningún compromiso y la Escuela tampoco.&nbsp;</p>



<div style="height:60px" aria-hidden="true" class="wp-block-spacer"></div>



<h3 class="wp-block-heading"><strong>La forma de trabajo</strong>&nbsp;</h3>



<p class="wp-block-paragraph">El proceso de nivelación y disciplinas tiene una duración de 1 año. La asistencia presencial a las seis reuniones de presentación de los trabajos a realizar (aproximadamente cada dos meses) es requisito para poder continuar el proceso. Una vez expuestos los temas y entregados los materiales a trabajar no habrá seguimiento individual, recomendándose el trabajo e intercambio con otros, en grupos reducidos, en el Parque en lo posible o donde se considere apropiado. Estas actividades se realizan sin instructores.&nbsp;</p>

<p>Visión de la Escuela&nbsp; Desde antiguo existieron procedimientos capaces de llevar a las personas hacia estados de conciencia excepcionales en [&hellip;]</p>
