{"id":169,"date":"2024-08-08T13:24:10","date_gmt":"2024-08-08T11:24:10","guid":{"rendered":"https:\/\/parquetoledo.es\/aperturaescuela\/?page_id=169"},"modified":"2025-03-27T10:49:39","modified_gmt":"2025-03-27T09:49:39","slug":"transportes-hacia-parque-toledo","status":"publish","type":"page","link":"https:\/\/parquetoledo.es\/aperturaescuela\/transportes-hacia-parque-toledo\/","title":{"rendered":"Transportes hacia Parque Toledo"},"content":{"rendered":"\n<div style=\"height:60px\" aria-hidden=\"true\" class=\"wp-block-spacer\"><\/div>\n\n\n\n<p class=\"wp-block-paragraph\"><strong>PARQUE TOLEDO &#8211; PARQUES DE ESTUDIO Y REFLEXI\u00d3N&nbsp;&nbsp;<\/strong><\/p>\n\n\n\n<p class=\"wp-block-paragraph\">Direcci\u00f3n: A-4  km. 55 &#8211; 45300 Oca\u00f1a, Toledo.<br>Horario:\u202fabierto de 9 h. a las 21:30 h.&nbsp;<br><a href=\"https:\/\/www.parquetoledo.org\">https:\/\/www.parquetoledo.org<\/a><\/p>\n\n\n\n<div style=\"height:60px\" aria-hidden=\"true\" class=\"wp-block-spacer\"><\/div>\n\n\n\n<p class=\"wp-block-paragraph\">Desde Madrid:<\/p>\n\n\n\n<ol class=\"wp-block-list\">\n<li>Puedes encontrar o compartir las plazas libres de los coches que van al Parque de Estudio y Reflexi\u00f3n Toledo en la app <strong><a href=\"https:\/\/parquetoledo.es\/car2thepark\/\" target=\"_blank\" rel=\"noreferrer noopener\">Car2ThePark<\/a><\/strong>&nbsp;<\/li>\n\n\n\n<li><strong>Cercan\u00edas RENFE: <\/strong>transbordo en Atocha cercan\u00edas \u2192 L\u00ednea\u202f<strong>C-3<\/strong>. Estaci\u00f3n Aranjuez, final.\u00a0<br>El precio del billete sencillo es de\u202f<strong>4,05 \u20ac<\/strong>\u00a0<br>Tiempo: 45 minutos.\u00a0\u00a0<br><br>\u00dana vez en Aranjuez:<br><\/li>\n\n\n\n<li>\n<ul class=\"wp-block-list\">\n<li>Tel\u00e9fono de contacto con responsable en el Parque Toledo: Beatriz Elosegui &#8211;> Tel. 610.993.273\u00a0<\/li>\n\n\n\n<li><strong>Taxi<\/strong> desde Aranjuez al Parque Toledo&nbsp;:<br>Jos\u00e9 Antonio\u202f(taxis Ferrer) Telf. 630.872.181<br>Antonio Gallardo\u202f(taxista) Telf. 609.223.842&nbsp;<\/li>\n\n\n\n<li>El coste de los taxis es de unos <strong>25\u20ac<\/strong> por trayecto.  <\/li>\n<\/ul>\n<\/li>\n<\/ol>\n","protected":false},"excerpt":{"rendered":"<p>PARQUE TOLEDO &#8211; PARQUES DE ESTUDIO Y REFLEXI\u00d3N&nbsp;&nbsp; Direcci\u00f3n: A-4 km. 55 &#8211; 45300 Oca\u00f1a, Toledo.Horario:\u202fabierto de 9 h. a [&hellip;]<\/p>\n","protected":false},"author":6,"featured_media":0,"parent":0,"menu_order":0,"comment_status":"closed","ping_status":"closed","template":"","meta":{"site-sidebar-layout":"default","site-content-layout":"","ast-site-content-layout":"default","site-content-style":"default","site-sidebar-style":"default","ast-global-header-display":"","ast-banner-title-visibility":"","ast-main-header-display":"","ast-hfb-above-header-display":"","ast-hfb-below-header-display":"","ast-hfb-mobile-header-display":"","site-post-title":"","ast-breadcrumbs-content":"","ast-featured-img":"","footer-sml-layout":"","ast-disable-related-posts":"","theme-transparent-header-meta":"","adv-header-id-meta":"","stick-header-meta":"","header-above-stick-meta":"","header-main-stick-meta":"","header-below-stick-meta":"","astra-migrate-meta-layouts":"default","ast-page-background-enabled":"default","ast-page-background-meta":{"desktop":{"background-color":"var(--ast-global-color-4)","background-image":"","background-repeat":"repeat","background-position":"center center","background-size":"auto","background-attachment":"scroll","background-type":"","background-media":"","overlay-type":"","overlay-color":"","overlay-opacity":"","overlay-gradient":""},"tablet":{"background-color":"","background-image":"","background-repeat":"repeat","background-position":"center center","background-size":"auto","background-attachment":"scroll","background-type":"","background-media":"","overlay-type":"","overlay-color":"","overlay-opacity":"","overlay-gradient":""},"mobile":{"background-color":"","background-image":"","background-repeat":"repeat","background-position":"center center","background-size":"auto","background-attachment":"scroll","background-type":"","background-media":"","overlay-type":"","overlay-color":"","overlay-opacity":"","overlay-gradient":""}},"ast-content-background-meta":{"desktop":{"background-color":"var(--ast-global-color-5)","background-image":"","background-repeat":"repeat","background-position":"center center","background-size":"auto","background-attachment":"scroll","background-type":"","background-media":"","overlay-type":"","overlay-color":"","overlay-opacity":"","overlay-gradient":""},"tablet":{"background-color":"var(--ast-global-color-5)","background-image":"","background-repeat":"repeat","background-position":"center center","background-size":"auto","background-attachment":"scroll","background-type":"","background-media":"","overlay-type":"","overlay-color":"","overlay-opacity":"","overlay-gradient":""},"mobile":{"background-color":"var(--ast-global-color-5)","background-image":"","background-repeat":"repeat","background-position":"center center","background-size":"auto","background-attachment":"scroll","background-type":"","background-media":"","overlay-type":"","overlay-color":"","overlay-opacity":"","overlay-gradient":""}},"footnotes":""},"class_list":["post-169","page","type-page","status-publish","hentry"],"_links":{"self":[{"href":"https:\/\/parquetoledo.es\/aperturaescuela\/wp-json\/wp\/v2\/pages\/169","targetHints":{"allow":["GET"]}}],"collection":[{"href":"https:\/\/parquetoledo.es\/aperturaescuela\/wp-json\/wp\/v2\/pages"}],"about":[{"href":"https:\/\/parquetoledo.es\/aperturaescuela\/wp-json\/wp\/v2\/types\/page"}],"author":[{"embeddable":true,"href":"https:\/\/parquetoledo.es\/aperturaescuela\/wp-json\/wp\/v2\/users\/6"}],"replies":[{"embeddable":true,"href":"https:\/\/parquetoledo.es\/aperturaescuela\/wp-json\/wp\/v2\/comments?post=169"}],"version-history":[{"count":12,"href":"https:\/\/parquetoledo.es\/aperturaescuela\/wp-json\/wp\/v2\/pages\/169\/revisions"}],"predecessor-version":[{"id":629,"href":"https:\/\/parquetoledo.es\/aperturaescuela\/wp-json\/wp\/v2\/pages\/169\/revisions\/629"}],"wp:attachment":[{"href":"https:\/\/parquetoledo.es\/aperturaescuela\/wp-json\/wp\/v2\/media?parent=169"}],"curies":[{"name":"wp","href":"https:\/\/api.w.org\/{rel}","templated":true}]}}

<div style="height:60px" aria-hidden="true" class="wp-block-spacer"></div>



<p class="wp-block-paragraph"><strong>PARQUE TOLEDO &#8211; PARQUES DE ESTUDIO Y REFLEXIÓN&nbsp;&nbsp;</strong></p>



<p class="wp-block-paragraph">Dirección: A-4  km. 55 &#8211; 45300 Ocaña, Toledo.<br>Horario: abierto de 9 h. a las 21:30 h.&nbsp;<br><a href="https://www.parquetoledo.org">https://www.parquetoledo.org</a></p>



<div style="height:60px" aria-hidden="true" class="wp-block-spacer"></div>



<p class="wp-block-paragraph">Desde Madrid:</p>



<ol class="wp-block-list">
<li>Puedes encontrar o compartir las plazas libres de los coches que van al Parque de Estudio y Reflexión Toledo en la app <strong><a href="https://parquetoledo.es/car2thepark/" target="_blank" rel="noreferrer noopener">Car2ThePark</a></strong>&nbsp;</li>



<li><strong>Cercanías RENFE: </strong>transbordo en Atocha cercanías → Línea <strong>C-3</strong>. Estación Aranjuez, final. <br>El precio del billete sencillo es de <strong>4,05 €</strong> <br>Tiempo: 45 minutos.  <br><br>Úna vez en Aranjuez:<br></li>



<li>
<ul class="wp-block-list">
<li>Teléfono de contacto con responsable en el Parque Toledo: Beatriz Elosegui &#8211;> Tel. 610.993.273 </li>



<li><strong>Taxi</strong> desde Aranjuez al Parque Toledo&nbsp;:<br>José Antonio (taxis Ferrer) Telf. 630.872.181<br>Antonio Gallardo (taxista) Telf. 609.223.842&nbsp;</li>



<li>El coste de los taxis es de unos <strong>25€</strong> por trayecto.  </li>
</ul>
</li>
</ol>

<p>PARQUE TOLEDO &#8211; PARQUES DE ESTUDIO Y REFLEXIÓN&nbsp;&nbsp; Dirección: A-4 km. 55 &#8211; 45300 Ocaña, Toledo.Horario: abierto de 9 h. a [&hellip;]</p>
